by 1861?
6
Calculate the remainder when 77 is divided by 42.
35
What is the remainder when 254 is divided by 55?
34
What is the remainder when 261 is divided by 19?
14
Calculate the remainder when 453 is divided by 14.
5
What is the remainder when 204 is divided by 41?
40
Calculate the remainder when 93 is divided by 24.
21
Calculate the remainder when 104 is divided by 31.
11
Calculate the remainder when 756 is divided by 375.
6
What is the remainder when 2414 is divided by 22?
16
What is the remainder when 690 is divided by 21?
18
Calculate the remainder when 263 is divided by 24.
23
What is the remainder when 449 is divided by 75?
74
What is the remainder when 172 is divided by 59?
54
Calculate the remainder when 2534 is divided by 181.
0
Calculate the remainder when 141 is divided by 37.
30
Calculate the remainder when 324 is divided by 66.
60
Calculate the remainder when 8098 is divided by 45.
43
Calculate the remainder when 186 is divided by 9.
6
What is the remainder when 156 is divided by 37?
8
Calculate the remainder when 1852 is divided by 594.
70
What is the remainder when 16 is divided by 3?
1
Calculate the remainder when 125 is divided by 43.
39
What is the remainder when 80 is divided by 26?
2
What is the remainder when 1942 is divided by 4?
2
What is the remainder when 21 is divided by 9?
3
What is the remainder when 9274 is divided by 5?
4
Calculate the remainder when 482 is divided by 21.
20
Calculate the remainder when 95 is divided by 50.
45
Calculate the remainder when 137 is divided by 32.
9
What is the remainder when 2358 is divided by 289?
46
Calculate the remainder when 519 is divided by 20.
19
What is the remainder when 209 is divided by 54?
47
Calculate the remainder when 627 is divided by 6.
3
Calculate the remainder when 6083 is divided by 156.
155
Calculate the remainder when 152 is divided by 93.
59
Calculate the remainder when 189 is divided by 6.
3
Calculate the remainder when 187 is divided by 75.
37
What is the remainder when 699 is divided by 28?
27
Calculate the remainder when 213 is divided by 56.
45
Calculate the remainder when 48 is divided by 21.
6
Calculate the remainder when 553 is divided by 55.
3
What is the remainder when 783 is divided by 72?
63
What is the remainder when 3157 is divided by 15?
7
What is the remainder when 1232 is divided by 400?
32
What is the remainder when 4409 is divided by 22?
9
Calculate the remainder when 2941 is divided by 46.
43
What is the remainder when 252 is divided by 51?
48
What is the remainder when 130 is divided by 61?
8
Calculate the remainder when 161 is divided by 15.
11
What is the remainder when 276 is divided by 93?
90
What is the remainder when 1228 is divided by 56?
52
What is the remainder when 1316 is divided by 528?
260
Calculate the remainder when 164 is divided by 42.
38
What is the remainder when 204 is divided by 9?
6
Calculate the remainder when 29 is divided by 10.
9
What is the remainder when 1630 is divided by 15?
10
Calculate the remainder when 1100 is divided by 365.
5
Calculate the remainder when 1347 is divided by 87.
42
What is the remainder when 3056 is divided by 60?
56
What is the remainder when 295 is divided by 138?
19
What is the remainder when 1216 is divided by 53?
50
What is the remainder when 1167 is divided by 69?
63
What is the remainder when 281 is divided by 87?
20
Calculate the remainder when 729 is divided by 15.
9
Calculate the remainder when 242 is divided by 61.
59
Calculate the remainder when 149 is divided by 7.
2
What is the remainder when 1135 is divided by 38?
33
Calculate the remainder when 93 is divided by 29.
6
Calculate the remainder when 200 is divided by 34.
30
Calculate the remainder when 310 is divided by 15.
10
Calculate the remainder when 1008 is divided by 112.
0
What is the remainder when 83 is divided by 19?
7
What is the remainder when 1744 is divided by 17?
10
Calculate the remainder when 3797 is divided by 50.
47
What is the remainder when 45405 is divided by 16?
13
What is the remainder when 49 is divided by 28?
21
Calculate the remainder when 153 is divided by 74.
5
Calculate the remainder when 103 is divided by 30.
13
What is the remainder when 50 is divided by 34?
16
What is the remainder when 652 is divided by 9?
4
Calculate the remainder when 872 is divided by 39.
14
Calculate the remainder when 181 is divided by 27.
19
What is the remainder when 290 is divided by 37?
31
Calculate the remainder when 6017 is divided by 27.
23
What is the remainder when 788 is divided by 87?
5
Calculate the remainder when 86 is divided by 61.
25
Calculate the remainder when 503 is divided by 12.
11
What is the remainder when 186 is divided by 68?
50
Calculate the remainder when 5925 is divided by 12.
9
What is the remainder when 628 is divided by 35?
33
What is the remainder when 262 is divided by 54?
46
What is the remainder when 3756 is divided by 59?
39
What is the remainder when 153 is divided by 89?
64
Calculate the remainder when 197 is divided by 97.
3
What is the remainder when 240 is divided by 11?
9
Calculate the remainder when 2215 is divided by 138.
7
Calculate the remainder when 938 is divided by 71.
15
What is the remainder when 135 is divided by 17?
16
What is the remainder when 944 is divided by 63?
62
What is the remainder when 84 is divided by 29?
26
What is the remainder when 3256 is divided by 93?
1
What is the remainder when 3395 is divided by 341?
326
Calculate the remainder when 1023 is divided by 18.
15
What is the remainder when 242 is divided by 5?
2
Calculate the remainder when 296 is divided by 80.
56
Calculate the remainder when 95 is divided by 22.
7
What is the remainder when 1605 is divided by 1549?
56
What is the remainder when 3035 is divided by 138?
137
What is the remainder when 3934 is divided by 82?
80
Calculate the remainder when 168 is divided by 34.
32
What is the remainder when 1621 is divided by 163?
154
Calculate the remainder when 997 is divided by 29.
11
Calculate the remainder when 238 is divided by 2.
0
Calculate the remainder when 1467 is divided by 39.
24
Calculate the remainder when 527 is divided by 59.
55
What is the remainder when 246 is divided by 42?
36
What is the remainder when 474 is divided by 61?
47
Calculate the remainder when 48 is divided by 9.
3
Calculate the remainder when 251 is divided by 20.
11
What is the remainder when 951 is divided by 107?
95
What is the remainder when 42 is divided by 11?
9
Calculate the remainder when 645 is divided by 335.
310
Calculate the remainder when 1715 is divided by 109.
80
Calculate the remainder when 80 is divided by 31.
18
Calculate the remainder when 364 is divided by 32.
12
Calculate the remainder when 116 is divided by 7.
4
Calculate the remainder when 13100 is divided by 42.
38
Calculate the remainder when 123 is divided by 21.
18
Calculate the remainder when 778 is divided by 153.
13
Calculate the remainder when 90 is divided by 32.
26
Calculate the remainder when 378 is divided by 135.
108
What is the remainder when 123 is divided by 13?
6
What is the remainder when 136 is divided by 28?
24
Calculate the remainder when 59 is divided by 16.
11
What is the remainder when 255 is divided by 98?
59
Calculate the remainder when 372 is divided by 9.
3
What is the remainder when 116568 is divided by 13?
10
Calculate the remainder when 27 is divided by 5.
2
Calculate the remainder when 20303 is divided by 188.
187
Calculate the remainder when 4062 is divided by 127.
125
Calculate the remainder when 320 is divided by 46.
44
What is the remainder when 4233 is divided by 12?
9
Calculate the remainder when 266 is divided by 58.
34
What is the remainder when 158 is divided by 40?
38
Calculate the remainder when 80792 is divided by 11.
8
What is the remainder when 149 is divided by 15?
14
Calculate the remainder when 28639 is divided by 11.
6
What is the remainder when 19237 is divided by 148?
145
Calculate the remainder when 135 is divided by 34.
33
What is the remainder when 114 is divided by 39?
36
Calculate the remainder when 319 is divided by 106.
1
Calculate the remainder when 1028 is divided by 322.
62
What is the remainder when 833 is divided by 84?
77
What is the remainder when 63 is divided by 33?
30
Calcu